 is the remainder when l is divided by 19?
17
Let v(p) = -5*p + 0*p + 8*p + 3*p**2 - 2. Suppose 0 = 4*b - 111 - 65. What is the remainder when b is divided by v(2)?
12
Suppose 3*a = -4*j + 2, j = -5*a + 2*j + 34. Let v(w) = 4*w + 25. Let m be v(-6). Calculate the remainder when 21/(-7) - (m - 24) is divided by a.
2
Let j = -719 - -1073. Suppose -j = -6*p + 3*p. Let o = -55 + p. What is the remainder when o is divided by 16?
15
Let m = 458 + -826. What is the remainder when (-1)/(-3) - m/12 is divided by (-26)/(-2) - (2 + 0)?
9
Let z = -192 - -84. Calculate the remainder when 21 is divided by z/6*(0 - (-2)/(-6)).
3
Suppose 150*y = 151*y - 45. What is the remainder when 153 is divided by y?
18
Calculate the remainder when 23 is divided by (2 - 0)/((-30)/(-195)).
10
Let q be (-12)/(8/2) - 0 - 9. Calculate the remainder when (-231)/q + 1/(-4) is divided by 10.
9
What is the remainder when -20*(-14)/(210/27) is divided by 22?
14
Suppose 0 = k - 0*k. Let a(d) = 3 - 2*d**2 + 3 - 3*d**2 + 4*d**2. What is the remainder when 23 is divided by a(k)?
5
Let w(x) = 4*x**2 + 2*x - 3. Let v = -979 + 982. Calculate the remainder when w(2) is divided by v.
2
Let s(g) = -g**3 - g**2 - 142. Let b be s(0). Let p = b + 150. What is the remainder when p is divided by 6*(-1)/(-2)*2?
2
Suppose -b - 2*n = -5*b + 92, 4*b - 90 = 3*n. Let q = -325 - -471. Let m = q - 77. What is the remainder when m is divided by b?
21
Suppose 2*q + 16*q - 2412 = 0. What is the remainder when q is divided by 17?
15
Suppose -22 = -3*p + 8. Let k be (-12)/5 - 2/(-5). What is the remainder when p is divided by (6/8)/(k/(-8))?
1
Suppose 3*t = -2*t + 380. Suppose 4*r = 2*r + t. Calculate the remainder when 113 is divided by r.
37
Suppose -s - 204 = -m, -8*m + 2*s = -4*m - 814. Suppose -4*u + 105 + m = 0. Suppose 40 = 3*x - x. What is the remainder when u is divided by x?
17
Let f(o) be the second derivative of o**5/20 + 2*o**4/3 + 5*o**3/6 + o**2/2 + 3*o. What is the remainder when f(-7) is divided by 6?
3
What is the remainder when 248 is divided by 40 + (-2 - 5)*1?
17
Suppose 5*v + 7*v = 36. Let n be (-4)/1*-1 - -1. Suppose -3*d + 33 = 3*x, n*x - 46 + 13 = -v*d. What is the remainder when 21 is divided by d?
10
Let f = 474 - 310. What is the remainder when f is divided by 52?
8
Let s be -1*(-1 - (2 + 0)). Suppose -n = 2*g - 53 + 16, 28 = s*g - 4*n. Let b(o) = -o - 5. Calculate the remainder when g is divided by b(-11).
4
Suppose -9*h + 5*h = 8. Calculate the remainder when ((-65)/39)/(h/12) is divided by 4.
2
Let j = -40 - -23. What is the remainder when 2 is divided by j/(-8) - 3/24?
0
Suppose -26*g + 2*h = -21*g - 175, 2*g = h + 69. What is the remainder when 627 is divided by g?
35
Let r(w) = 7*w**2 - 7*w + 19. Let h(j) = 11*j**2 - 11*j + 28. Let i(d) = -5*h(d) + 8*r(d). Calculate the remainder when 33 is divided by i(0).
9
What is the remainder when (-3 + 13 - 2) + (-10)/(-2) is divided by 11?
2
Let m = -12 - -22. Let i(s) = -5*s + 15 - 5*s + 20*s - 4*s + 4*s. Calculate the remainder when i(m) is divided by 29.
28
Suppose 5*v - 4*g + 73 = -g, 81 = -5*v + g. Let p = v - -38. Let q(d) = d**2 - 3*d - 1. What is the remainder when q(-5) is divided by p?
18
Let k = 373 - 354. Calculate the remainder when (1*-54)/((-6)/4) is divided by k.
17
Let d be (0 - -21 - -2) + 1. Let o = 9 + d. Suppose -3*f + 44 - 17 = 0. Calculate the remainder when o is divided by f.
6
Suppose 4*j + 0*w = 4*w + 32, 0 = j - 3*w - 2. Let a = 9 + 30. Calculate the remainder when a is divided by j.
6
Let a(x) = 4*x**2 - 40*x + 31. What is the remainder when a(13) is divided by 9?
7
Suppose 84 = 429*x - 427*x. What is the remainder when 1007 is divided by x?
41
Calculate the remainder when 1 - (-11 - -3 - 268) is divided by 28.
25
Suppose 225 = 3*h - 3*t, 0 = -2*h - 5*t - 0*t + 136. Calculate the remainder when h is divided by 14.
3
Let r(i) = -61 - i**3 + 132 - 64 + 3*i**2 + 3*i**2. Let s(m) = -2*m - 12. Let j be s(-9). What is the remainder when r(j) is divided by 2?
1
Suppose -3*p = h - 31, h + 3*h = p + 137. Suppose -h = 10*x - 314. Calculate the remainder when 54 is divided by x.
26
Suppose 5*p - 1614 - 261 = 0. Suppose 4*s + s = p. Suppose 95 = 15*j - 10*j. What is the remainder when s is divided by j?
18
Suppose 65 = 4*s + s. Let x = 29 - s. What is the remainder when 44 is divided by x?
12
Let j = 219 - 75. Calculate the remainder when j is divided by ((-58)/10)/(14/(-70)).
28
Suppose 3*o + 4*a = 31, -4*a + 9*a + 5 = 5*o. Calculate the remainder when o is divided by 2.
1
What is the remainder when 125 is divided by 40/9 - -4*(-3)/27?
1
Calculate the remainder when 12 + (5136/12)/2 is divided by 80.
66
Suppose 2*x = s + 37, 3*s = -3*x - s + 83. What is the remainder when -5*(x/(-15) - 2) is divided by 9?
8
Suppose 0*u + 9471 = 41*u. What is the remainder when u is divided by 49?
35
Let t(m) = 4*m**3 - 4*m**2 - 6*m + 28. Calculate the remainder when 654 is divided by t(3).
80
Suppose -12 = -4*v - 16, -67 = -2*k + v. What is the remainder when 1350 is divided by k?
30
Let k = -83 + 147. Calculate the remainder when k is divided by 14.
8
Let x = 1763 + -1736. What is the remainder when 188 is divided by x?
26
Suppose 6*l - 8*l = 0. Calculate the remainder when 102 is divided by (l + 35)/(2 - 1).
32
Let h(y) = y**3 + 4*y**2 - 11*y - 6. What is the remainder when 44 is divided by h(3)?
20
Suppose -3*i = -6 - 3. Let m(n) = 2*n - 15. Suppose 0 = 4*b + 5*h - 42, -3*b - 4*h + 31 = -0*b. What is the remainder when m(b) is divided by i?
2
Calculate the remainder when (-15)/(1 + -4) - (-153 + -2) is divided by 82.
78
Suppose -5*t + 241 = 46. Suppose 4*n - 4*i = 40, -4*i - 6 = -2*n + 18. Let f(v) = v + 6. Calculate the remainder when t is divided by f(n).
11
Suppose 371 = -75*c + 128*c. Suppose -n = -2*m - 0*n + 67, 97 = 3*m - 5*n. What is the remainder when m is divided by c?
6
Suppose -3*r - 34 = -4*q, 6*q - 4*r = q + 42. What is the remainder when 75 is divided by q?
5
Suppose 4*u = 12, -4 + 5 = -2*h - 3*u. Let f(n) = -2*n - 3. Calculate the remainder when 18 is divided by f(h).
4
Suppose -6*a = -4*a. Suppose -12*i + 8*i + 76 = a. What is the remainder when 54 is divided by i?
16
Let w(t) = t**3 - 20*t**2 - 22*t + 7. Let o be w(21). What is the remainder when 44 is divided by (o + 17 + (-1 - 3))*-15?
14
Suppose 3*y = -h + 8, -2*h - 3*h - y - 2 = 0. Let l be 8/3*h*3. Let s(z) = z + 11. What is the remainder when 9 is divided by s(l)?
0
Suppose -24*p + 345 = -327. Suppose 0 = 4*b - 20 - 20. Suppose 4*q - 50 = -b. Calculate the remainder when p is divided by q.
8
Let g = -25 + -99. Let k = 231 + g. Suppose 44 = 4*l - 2*l. What is the remainder when k is divided by l?
19
Let r be 616/(-10) + (-38)/95. Let f = r + 105. What is the remainder when 85 is divided by f?
42
Let y(o) = -29*o**3 - 3*o**2 + 1. Calculate the remainder when 674 is divided by y(-1).
26
Let j(t) = 0 + 3 - 4*t**2 + 5*t - t**3 + 0. Let s be j(-5). Suppose s*z - 124 = z. What is the remainder when z is divided by 16?
14
Let l = 69 + 5. Let h be -18*(3 - (-21)/(-6)). What is the remainder when l is divided by 2/h - (-3887)/207?
17
What is the remainder when (-3858)/(-14) - (-30)/21 is divided by 5?
2
Let t(c) be the second derivative of -c**4/12 - 2*c**3 - 13*c**2/2 - 233*c. Let o = -3 + -5. Calculate the remainder when t(o) is divided by 5.
4
Suppose -2*w = -4 - 2. Let o be 1/(-2*4/8). Calculate the remainder when -22*o/(5 + -3) is divided by w.
2
Suppose -3*h + 22 = -14. Let f = 13 + h. What is the remainder when 49 is divided by f?
24
Suppose -2542 - 18858 = -40*w. What is the remainder when w is divided by 35?
10
Let l(b) = 2*b**2 + 6*b + 9. Let m(u) = 11*u**2 - 4*u - 3. Calculate the remainder when l(-6) is divided by m(-1).
9
Suppose -164*n + 146*n = -123 - 93. What is the remainder when -2 + 1 - -34 - -1 is divided by n?
10
Suppose -11*t = 16*t - 7*t. Suppose p + t*p - 4 = 0. What is the remainder when 23 is divided by p?
3
Let u = 232 - 136. Suppose 0 = -z + 5*z - 20, -3*z + u = 3*s. Suppose 5*i - 42 = -3*f, -f - 2*i = -15 + 1. What is the remainder when s is divided by f?
13
Let a(j) = j**2 - 4*j - 12. Let b be a(6). Let p(h) = -5 - h + 2 + h**3 + b + 7*h**2 + 0*h. Calculate the remainder when 10 is divided by p(-7).
2
Let m(f) = f**2 + 4. Suppose 2*v